p*u + 70 = -4*n - 18, 5*n - 25 = 0. What is the remainder when u is divided by 14?
12
Let r(p) = 2*p + 3. Let g(n) = -n**2 - 5*n - 6. Let k(z) = -2*g(z) - 5*r(z). What is the remainder when k(-4) is divided by 38/4 - 1/(-2)?
9
Let k(a) = a**2 - 3*a - 5. Calculate the remainder when 14 is divided by k(5).
4
Let r(t) = -t**2 - 7*t + 4. Let y be r(-7). Suppose 2*c + y*n + 48 = 6*c, -3*c = -n - 34. Let z(v) = v. What is the remainder when z(c) is divided by 4?
3
Calculate the remainder when 55 is divided by (-12 - 7/(-1))*(-2 - 1).
10
Let g(r) = r**3 + 7*r**2 - 3*r - 16. What is the remainder when 19 is divided by g(-7)?
4
Let n = 30 + -13. Calculate the remainder when 84 is divided by n.
16
Let q = 10 + 3. Suppose -4*j = 2*a - 62, -3*j = a - 20 - 14. Calculate the remainder when a is divided by q.
12
Suppose 5*z - 31 = 14. What is the remainder when 17 is divided by z?
8
Calculate the remainder when (-1 + (238 - -1))/2 is divided by 30.
29
Suppose 2 = 2*o - 12. Let h(m) = -3*m**3 + 7*m**2 - 3*m + 6. Let q(n) = -n**3 - n. Let v(k) = -h(k) + 2*q(k). What is the remainder when 2 is divided by v(o)?
0
Suppose -3*t - 2*t + 5 = 5*m, -5*m = 3*t - 11. Let g = m - 2. Calculate the remainder when 71 is divided by 24/g*6/4.
17
Suppose h = 5*g + 52, 3*g + 0*g = -2*h + 39. Suppose -o - 4*o = -70. What is the remainder when h is divided by o?
13
Suppose -40 = 4*a - 5*u, -4*a + 3*u + 4 - 44 = 0. Let j = a + 13. What is the remainder when j is divided by (2 - (-3)/(-2))*4?
1
Let a(r) = -7*r + 3. Let q(g) = 2*g + 3. Let b be q(-4). Suppose 29 = 2*y + 3. Calculate the remainder when a(b) is divided by y.
12
Let v(f) = -4*f + 108. What is the remainder when v(20) is divided by 8?
4
Let a(c) = 4*c**2 - 2. Let d be a(-2). Let s = d - 6. What is the remainder when s is divided by 3?
2
Let t = 212 + -146. What is the remainder when t is divided by 17?
15
Suppose -857 = -3*c + 346. Suppose -224 - c = -5*j. Suppose -2*a - 27 + j = 0. Calculate the remainder when a is divided by 17.
15
Let h = -2 - -6. Let x be h/18 - 526/18. Let s = -12 - x. Calculate the remainder when s is divided by 6.
5
Suppose 2*i - 3*i = -11. Let l(n) = 7*n - 4. What is the remainder when l(5) is divided by i?
9
Suppose -w = -4*w - y + 67, 2*w = 2*y + 58. What is the remainder when w is divided by 4?
0
Suppose -4*l + 48 = -2*l. Let h be (-4)/(-14) + 36/21. Suppose -j = h*j - 39. What is the remainder when l is divided by j?
11
Let i(k) = 6*k - 30. What is the remainder when 88 is divided by i(8)?
16
Suppose -4*a + 2*a = -108. Let z = -13 + a. What is the remainder when z is divided by 22?
19
What is the remainder when 6 is divided by (-1)/(4 + -6 + 1 + 0)?
0
Let i be (2 + 2)/(-2) - -2. Let k(s) = -s + 472. Let w be k(i). Calculate the remainder when 76 is divided by (-6)/27 - w/(-18).
24
Let x = 142 - 115. Suppose 0 = i + 3 + 11. Let r = 28 + i. Calculate the remainder when x is divided by r.
13
Let l(o) = 4*o + 2. Let g be l(-5). Let k be (0 + g/2)/1. Let b = k - -16. Calculate the remainder when 19 is divided by b.
5
Let w(h) = h**3 - 7*h**2 - 8*h + 4. Suppose -f = 2*u - 47, -5*f + 2*f = 5*u - 115. Let s = u - 16. Calculate the remainder when s is divided by w(8).
2
Suppose -2*y + 4 = -y. Suppose -16 - 140 = -y*r. Calculate the remainder when r is divided by 20.
19
Let h be (-2)/(3*6/(-9)). Suppose r - h = 1. Suppose 7*l - r*l - 5 = 0. What is the remainder when l is divided by 1?
0
Calculate the remainder when 16 is divided by (42/15)/((-2)/(-5)).
2
What is the remainder when ((-5 - 120) + -5)*(-2)/5 is divided by 9?
7
Let m = -7 - -14. What is the remainder when m is divided by 3?
1
Suppose -5*p - 4*f - 4 = 0, -2*p = -4*p - 2*f - 2. What is the remainder when 1 + (42 - -2) + 0 is divided by -1*(-12)/(1 - p)?
9
Let y = -57 - -72. What is the remainder when 27*1*(-2 - -3) is divided by y?
12
Suppose 104 = 2*v + 46. What is the remainder when 84 is divided by v?
26
Let h(n) = 4*n + 5. Let y be h(-10). What is the remainder when 5 is divided by (-10)/y + (-26)/(-7)?
1
Let v(o) = 2*o**3 + o**2 - 1. Let x be v(3). Suppose -5*a + x = -53. What is the remainder when 43 is divided by a?
20
Let z(j) = -2*j**3 - j**2 + j - 1. Let k(d) = 3*d - 4. Let a be 5 - (-2)/4*2. What is the remainder when z(-3) is divided by k(a)?
13
What is the remainder when 2982/66 - 2/11 is divided by 12?
9
Let s(u) = -u**2 - 17*u + 15. Let f = 25 - 13. Calculate the remainder when s(-15) is divided by f.
9
Let t be (-1)/((-14)/(-12) - 1). Let j = -8 + 12. What is the remainder when (-14)/3*t/4 is divided by j?
3
Let y(b) = -b**3 - 8*b**2 - 7*b + 7. Let l be y(-7). Let q(m) = -m**2 + 10*m - 7. Calculate the remainder when q(l) is divided by 5.
4
Let u(w) = -w - 21. Let j be u(-7). Let b = j + 34. What is the remainder when 38 is divided by b?
18
Suppose -d + 10 = 2*s - 2, -d + 5*s = -40. What is the remainder when 39 is divided by d?
19
Calculate the remainder when 43 is divided by 17/4*(4 + 4 + -4).
9
Let c = 1 - -1. Suppose -c*j = 4*k - 0*k - 86, -4*k + 185 = 5*j. Calculate the remainder when j is divided by 17.
16
Let i = -23 + 162. Calculate the remainder when i is divided by 35.
34
Suppose i - 10 = -i. Suppose -2*m = f - 38, -85 = -4*f + i*m + 2. Calculate the remainder when f is divided by 10.
8
Suppose -4*q - 4*b + 44 = 0, -2*b = q - 2 - 6. What is the remainder when (0 + (-3)/5)*-45 is divided by q?
13
Suppose 4*k - 22 = 2*k. Suppose 2*q - 7*q + 22 = -2*i, -4*i + 12 = 4*q. What is the remainder when k is divided by q?
3
Suppose 4*k = -2*v - 0*k + 14, 4*v = -4*k + 32. What is the remainder when 42 is divided by v?
6
Let g = 27 - 16. Suppose -3*a + 69 + 57 = 0. What is the remainder when a is divided by g?
9
Suppose -i + 92 = -41. What is the remainder when i is divided by 45?
43
Let w(b) = -1 + 1 + 33*b**2 - 1. Let l be w(-1). Let c = -17 + l. What is the remainder when 29 is divided by c?
14
Suppose 0 = 5*q + 5*f - 35, 8*q - f = 4*q + 3. What is the remainder when 5 is divided by q?
1
Suppose 0 = 4*m - 7*m - 2*b + 196, -b = -3*m + 190. Let w(h) = -2*h + 1. Let z be w(-1). Let y = z + 19. What is the remainder when m is divided by y?
20
Suppose 0 = -c + 8 + 6. Calculate the remainder when 39 is divided by c.
11
Let a(p) = p - 3. Let t be a(3). Let r = 2 - t. Suppose 0 = g + 3*x + 5, 2*g - r*x = 11 + 11. Calculate the remainder when 12 is divided by g.
5
What is the remainder when (5 - (-21)/(-15))/((-6)/(-40)) is divided by 5?
4
Let i(a) = 103*a - 16. Let d be i(7). Calculate the remainder when 111 is divided by 1/(-5) - d/(-25).
27
Let q(j) = -j**3 - 4*j**2 - 3*j - 1. Let d be q(-3). What is the remainder when 9 + 1/(-1) + 3 is divided by ((-8)/2)/(d/1)?
3
Let o(y) = 2*y**2 + y + 1. Let t = 27 - 24. What is the remainder when t is divided by o(-1)?
1
Let j = -280 + 167. Let a = 4 - j. What is the remainder when a is divided by 30?
27
Let p(x) = x + 22. Calculate the remainder when 60 is divided by p(9).
29
Suppose 0 = -4*p + 3*p + 11. Suppose 10*y - 96 = 7*y. What is the remainder when y is divided by p?
10
Suppose 45 = -2*k - 3*k. Let w(j) = j + 16. Calculate the remainder when w(k) is divided by 4.
3
Let q = 15 - 0. Let b(r) = r - 1. Let v(h) = -35*h + 21. Let f(s) = -21*b(s) - v(s). Calculate the remainder when f(2) is divided by q.
13
Let a(y) = 19*y - 3. Calculate the remainder when 138 is divided by a(2).
33
Suppose k - 14 + 0 = 0. Calculate the remainder when (-13)/(2/(-12)*3*1) is divided by k.
12
Let a = 31 - 15. Let w(r) = 7*r + 18. Calculate the remainder when w(4) is divided by a.
14
Suppose -294 = -5*x + 91. What is the remainder when x is divided by 20?
17
Let f(k) = k**3 + 5*k**2 - 7*k - 4. Let h be f(-6). Suppose 0 = z - 1 - h. Let d(r) = r**2 - 2*r + 4. Calculate the remainder when d(z) is divided by 3.
1
Let y(b) be the first derivative of b**2 - 2*b - 1. Let x = -55 - -59. What is the remainder when y(6) is divided by x?
2
Suppose n - 5*n = -8. Suppose -51 = -5*s + 5*d + 14, -n*d = -3*s + 43. Suppose 16 = 2*f + 2*p, 2*p - 3*p = 2. What is the remainder when s is divided by f?
7
Let a(y) = 2*y**3 - 3*y**2 - 3*y + 2. What is the remainder when a(3) is divided by 4 - ((-525)/165 - 2/(-11))?
6
Suppose -5*y + 13 = -3*w, -2*y + 5*w + 0*w = -9. Let v(f) = 6*f. Calculate the remainder when 22 is divided b